- 12. What is the units digit of g?
3
Suppose -5*r - 19 = 116. Let z be -1 - (0 + r)/3. Let f = z - 6. What is the units digit of f?
2
Let n = -6 + 9. Let i(v) = 11*v**3 - 2*v**2 + 2*v - 1. Let o be i(1). Suppose s - n*s = -o. What is the units digit of s?
5
Let j(o) = -o**3 - 5*o**2 - 2*o + 2. Let g be j(-4). Let l be (g + 2)*(-1)/2. Suppose l*v - p + 2 = p, -25 = -5*v - 5*p. What is the units digit of v?
2
Let d be (-10 - 1) + (-2)/2. What is the units digit of 4*((-141)/d - 4)?
1
Suppose 0 = -w + 5*w. Let f(g) = -g + 15. What is the tens digit of f(w)?
1
Suppose 3*v - 2*q = 24, -q = v + q - 8. What is the units digit of (1 - (1 + 1)) + v?
7
Suppose 29*r = 37*r - 792. What is the units digit of r?
9
Let a(l) = -l**2 - 17*l - 13. What is the units digit of a(-12)?
7
Suppose 0*n - 427 = -4*d + 3*n, -419 = -4*d - 5*n. What is the units digit of d?
6
Let u(l) = -2*l + 17. Let d(y) = 1. Let a(q) = 5*d(q) - u(q). What is the units digit of a(12)?
2
Suppose l - 5*l - 20 = 0, 4*k = -l - 45. Let q = k + 14. What is the tens digit of (1 + 1)/(q/20)?
1
Let z(n) = -1 + 3*n**2 + 2*n + 2*n + 0*n + 3*n**3 - 2*n**2. Let y(l) = -2*l**3 - 2*l. Let b(d) = -5*y(d) - 3*z(d). What is the tens digit of b(4)?
1
Suppose -5*h - 25 = -n, -4*h - h = -5*n + 25. Suppose 3 = y - n. What is the units digit of (8/y)/((-1)/(-3))?
8
What is the units digit of 4 + -1 + (99 - -3)?
5
Let u be 5 - 5 - (0 + 19). Let l = 32 + u. Let x = -6 + l. What is the units digit of x?
7
Suppose 0 = s - 3*x + 13, 11 = 4*s + x - 2. Suppose 7*a = s*a + 25. What is the units digit of a?
5
What is the units digit of 848/12 + ((-14)/(-6) - 2)?
1
Let n = -162 - -325. What is the hundreds digit of n?
1
Let w = 4 - 6. Let g = 0 - w. What is the units digit of (0 - -2)/(g/16)?
6
Suppose -22 - 114 = -2*y. What is the tens digit of y?
6
Suppose 3*o + 1 = n - 1, -2*n = 4*o + 16. Let l = 5 + n. What is the units digit of l?
1
What is the tens digit of (-2)/(-4) + 854/28?
3
Let q(z) = 2*z - 1. Let i be q(9). Suppose -4*m - 4*v - 176 = 0, v = 2*m + 56 + i. Let o = -21 - m. What is the units digit of o?
8
Let k(h) = 8*h**2 + 3*h + 5. What is the units digit of k(-2)?
1
Let b = 3 + -10. Let k = b + 7. Let u = 6 + k. What is the units digit of u?
6
Let f(k) = 11*k - 19. What is the units digit of f(8)?
9
Suppose 5*n = 5*z - 10, -z + 1 = -1. Suppose -3*m + 2*c - c = -5, -4*m - 2*c = n. What is the units digit of m?
1
What is the tens digit of (((-66)/(-4))/(-11))/((-3)/34)?
1
Let r = -4 + 9. Suppose 0 = -2*l - 10, -r*l - 178 + 33 = -5*z. What is the units digit of z?
4
Let y(h) = 2*h**3 - 3*h**2 - 3*h. Let z be y(3). Suppose -2*l = -l - z. Suppose -5*d = -l - 2. What is the units digit of d?
4
Let r(j) be the third derivative of j**6/120 + 2*j**5/15 - j**4/2 - 13*j**3/6 + j**2. What is the tens digit of r(-9)?
1
Let j = -8 + 11. Suppose 0 = -5*k + 7 + j. Suppose k*g - 1 - 5 = 0. What is the units digit of g?
3
Let l = -110 - -188. What is the tens digit of l?
7
Let u = -208 + 370. What is the hundreds digit of u?
1
Suppose 0 = m - 0*m + 1. Let s(w) be the second derivative of w**4/4 - w**2/2 - 8*w. What is the units digit of s(m)?
2
Let m(w) = 4*w**3 - 4*w**2 + 5*w + 1. What is the units digit of m(3)?
8
Let i(w) = -w**3 - w**2 - w + 11. Suppose 0 = 5*b - 2*b. What is the tens digit of i(b)?
1
Let x = -137 + 230. What is the tens digit of x?
9
Let h(b) = b**2 + 4*b + 4. Suppose -3*a - 14 - 30 = -5*k, -23 = -2*k + 3*a. Suppose -2*u - 14 = 4*q, 14 = -5*q + u - k. What is the units digit of h(q)?
4
Let u = 109 - 81. What is the tens digit of u?
2
Suppose 1 + 1 = a. Let n be a*(3*2)/3. Suppose 5*o - 4 = -x + 2, x = -3*o + n. What is the units digit of o?
1
Suppose -8*v + 10 = -3*v. Suppose -3*r + 12 - 4 = 4*q, 3*r + v = -2*q. Suppose 5*n - 8 + 3 = -2*d, 2*n = -q*d - 19. What is the units digit of n?
3
Suppose -6*s + s - 2*i = 33, -s - 5*i = 2. Let b = -5 - s. Suppose 4*p - b*p - 5 = -3*v, 32 = 5*p + v. What is the units digit of p?
7
What is the units digit of 1*(-2)/5 - 2560/(-25)?
2
Let j(s) = s**2 - 5*s + 2. Let p be j(4). Let y be (0 + p)*-2 + -3. What is the units digit of 5*y + (-8)/4?
3
Let n be 0*((-20)/(-8))/(-5). Suppose n = v + 2*v - 39. What is the tens digit of v?
1
Let j be ((-3)/9)/((-4)/36). Suppose -2*m - 2*a + 7*a = -55, j*m - 57 = -a. What is the units digit of m?
0
Let v(c) = -2*c**2 - 4*c + 3*c**2 - 10 + 3. What is the tens digit of v(7)?
1
Let l be (-9)/((-3)/(-1))*1. Let u = 4 - l. What is the units digit of u?
7
Let a = 590 + -407. What is the tens digit of a?
8
Let g(i) = 4*i**3 + i - 1. Let d be ((-2)/(-6))/(1/3). Let c be g(d). Suppose -j = c*a - 10, 2*j + 0 = -a + 6. What is the units digit of a?
2
Let b(t) = 20*t + 1. What is the units digit of b(1)?
1
Suppose 3*m - 4 = 2. Suppose 4*l - 73 = -5*x + 28, m*l + 5*x = 53. What is the tens digit of l?
2
Let m(x) = -x**2 + 14*x - 12. What is the tens digit of m(7)?
3
Let n = 45 - 27. What is the units digit of n?
8
Suppose 5*n - 10 = 2*n - 4*i, -4*i + 22 = -3*n. Let o = 9 - 3. What is the units digit of o/(n - (-16)/6)?
9
Suppose -2*j + 2*p + 420 = -0*p, -4*j = 5*p - 795. What is the hundreds digit of j?
2
Suppose r = -z + 11 - 1, -4*z - r = -40. Let v = z - 7. What is the units digit of v?
3
Let j = 7 + -4. Suppose -5*m + 22 = 5*c - j, c = -5*m + 17. Suppose 4*f + 11 = 3*l, -c*l = -0*f - 3*f - 6. What is the units digit of l?
9
Suppose -w = 0, 0 = 5*l + 2*w - w - 1170. What is the units digit of l?
4
Suppose -36*u + 40*u - 880 = 0. What is the units digit of u?
0
Let h(x) = x + 8. Let r be h(-6). Suppose 0 = -r*o - 2*o. Suppose o*u - u + 8 = 0. What is the units digit of u?
8
What is the tens digit of 119/1 - (1 - 0)?
1
Let i = 49 - 28. What is the units digit of i?
1
Suppose 2*b + 4*o - 80 = 0, -2*o = 5*b - 254 + 38. What is the units digit of b?
4
Let o = 17 + -22. Let x(t) = -t**2 + 5*t + 4. Let u(z) = -z**2 + 4*z + 4. Let l(s) = -6*u(s) + 5*x(s). What is the units digit of l(o)?
6
Let q(a) = -a**2 + 4*a - 2. Let k be q(2). Suppose k*o - 1 = 5*d, 28 = 4*d + 8. What is the tens digit of o?
1
Let f = 4 + -5. Let c be 3 - 2 - (f - 1). What is the units digit of 1*(8 - 0/c)?
8
What is the units digit of 112/6 + 17/51?
9
Let d = -28 + -11. Let o = 13 - d. What is the units digit of o?
2
Let o = 6 + -10. Let d(i) = -4*i + 5. Let z be d(o). Suppose 4*u = -9 + z. What is the units digit of u?
3
Let k = 1 + -4. Let p = -4 - k. What is the units digit of 6 - 6/(-2)*p?
3
Let i be (-16)/7 - (-4)/14. Let m = i - -7. Suppose -m*w + 3 + 2 = 0. What is the units digit of w?
1
Let i = 65 + -58. What is the units digit of i?
7
Suppose x - 31 = 4*w, -2*x - 3*w = -4*x + 72. Suppose -6*n + 3*n + x = 0. What is the tens digit of n?
1
Let c = 6 - 6. Suppose -2*l + 6 = -c. Suppose -l*o - 2*y = -20, 10 = 3*o - 3*y + 7*y. What is the units digit of o?
0
Suppose 5*k + 3 - 8 = 0. Suppose 7 - 1 = x - 4*s, 5*s + k = -2*x. Suppose 4*o + x*r - 46 = 0, 3*r - 9 = -o - 0*o. What is the units digit of o?
2
Let k(t) = 2*t. Let n = -1 - -4. Let y be k(n). Suppose -20 = y*v - 11*v. What is the units digit of v?
4
What is the units digit of (25/(-10))/((-6)/4)*45?
5
Let l(n) = n**3 + 5*n**2 + 2*n + 1. Let t be l(-4). Suppose -w + t = 2*w. What is the units digit of w?
3
Suppose 5*s = -5*k - 5, -32 = -4*k + 5*s + 9. Suppose 0 = k*w - w + 9. Let t = w + 14. What is the units digit of t?
1
Let n(r) be the first derivative of r**2/2 + 14*r - 2. What is the units digit of n(-5)?
9
Let c(a) = -5*a - 4. What is the tens digit of c(-4)?
1
Suppose -10 = -g - g. Suppose -20 = -g*c - 5*u, -4*u = -c + u - 2. What is the units digit of c?
3
Let s(n) = -6*n**3 + n**2 + 2*n + 3. What is the tens digit of s(-2)?
5
Suppose -3*k + 6*k = 9. Let w(a) = a**3 - 4*a**2 - 5*a + 1. Let n be w(5). Suppose 2*b = -n + k. What is the units digit of b?
1
Let g be 32/(-20)*5/(-2). Let l(p) = 2*p**3 + 2*p - 6*p - 3*p**3 - 2 - p + 6*p**2. What is the units digit of l(g)?
0
Let y = 3 - 1. Let h be ((-2)/(-1))/(-1) + y. Suppose h*c - 16 = -2*c. What is the units digit of c?
8
Suppose 8*t = 5*t + 30. Let s be (-3)/(-12) - t/8. What is the units digit of 16 + (s + 2 - 3)?
4
Let x be ((-2)/4)/(1/24). What is the units digit of (x/(-10))/(8/40)?
6
Suppose 5*o + 11 - 51 = 0. Let j = o + -10. What is the units dig